{"id":6136,"date":"2025-09-15T06:38:38","date_gmt":"2025-09-15T06:38:38","guid":{"rendered":"https:\/\/tst.ba\/?post_type=product&#038;p=6136"},"modified":"2025-12-12T15:12:34","modified_gmt":"2025-12-12T15:12:34","slug":"venum-rubber-band-narukvica-yellow","status":"publish","type":"product","link":"https:\/\/generateweb.net\/xfit\/venum-rubber-band-narukvica-yellow\/","title":{"rendered":"Venum &#8211; Rubber Band Narukvica &#8211; Yellow"},"content":{"rendered":"<p data-start=\"129\" data-end=\"320\">Venum gumena narukvica je jednostavan, ali upe\u010datljiv modni dodatak za svakodnevni stil. Izra\u0111ena od izdr\u017eljivog gumenog materijala, pru\u017ea udobnost no\u0161enja i lako se uklapa uz svaki outfit.<\/p>\n<p data-start=\"322\" data-end=\"353\"><strong data-start=\"322\" data-end=\"351\">Karakteristike proizvoda:<\/strong><\/p>\n<ul data-start=\"354\" data-end=\"514\">\n<li data-start=\"354\" data-end=\"395\">\n<p data-start=\"356\" data-end=\"395\">Jedna univerzalna veli\u010dina (one size)<\/p>\n<\/li>\n<li data-start=\"396\" data-end=\"431\">\n<p data-start=\"398\" data-end=\"431\">Moderan i minimalisti\u010dki dizajn<\/p>\n<\/li>\n<li data-start=\"432\" data-end=\"464\">\n<p data-start=\"434\" data-end=\"464\">Prepoznatljiv <strong data-start=\"448\" data-end=\"462\">Venum logo<\/strong><\/p>\n<\/li>\n<li data-start=\"465\" data-end=\"514\">\n<p data-start=\"467\" data-end=\"514\">Idealna za svakodnevno no\u0161enje i kombiniranje<\/p>\n<\/li>\n<\/ul>\n<p data-start=\"516\" data-end=\"579\">Poka\u017eite svoju pripadnost Venum zajednici \u2013 gdje god krenuli!<\/p>\n","protected":false},"excerpt":{"rendered":"<p>Venum gumena narukvica je jednostavan, ali upe\u010datljiv modni dodatak za svakodnevni stil. Izra\u0111ena od izdr\u017eljivog gumenog materijala, pru\u017ea udobnost no\u0161enja i lako se uklapa uz svaki outfit.<\/p>\n","protected":false},"featured_media":9623,"template":"","meta":{"_acf_changed":false},"product_brand":[43],"product_cat":[81,80,93],"product_tag":[],"class_list":{"0":"post-6136","1":"product","2":"type-product","3":"status-publish","4":"has-post-thumbnail","6":"product_brand-venum","7":"product_cat-accesoriess","8":"product_cat-borilacka-oprema","9":"product_cat-za-djecu-kids","11":"first","12":"instock","13":"taxable","14":"shipping-taxable","15":"purchasable","16":"product-type-simple"},"acf":[],"_links":{"self":[{"href":"https:\/\/generateweb.net\/xfit\/wp-json\/wp\/v2\/product\/6136","targetHints":{"allow":["GET"]}}],"collection":[{"href":"https:\/\/generateweb.net\/xfit\/wp-json\/wp\/v2\/product"}],"about":[{"href":"https:\/\/generateweb.net\/xfit\/wp-json\/wp\/v2\/types\/product"}],"version-history":[{"count":0,"href":"https:\/\/generateweb.net\/xfit\/wp-json\/wp\/v2\/product\/6136\/revisions"}],"wp:featuredmedia":[{"embeddable":true,"href":"https:\/\/generateweb.net\/xfit\/wp-json\/wp\/v2\/media\/9623"}],"wp:attachment":[{"href":"https:\/\/generateweb.net\/xfit\/wp-json\/wp\/v2\/media?parent=6136"}],"wp:term":[{"taxonomy":"product_brand","embeddable":true,"href":"https:\/\/generateweb.net\/xfit\/wp-json\/wp\/v2\/product_brand?post=6136"},{"taxonomy":"product_cat","embeddable":true,"href":"https:\/\/generateweb.net\/xfit\/wp-json\/wp\/v2\/product_cat?post=6136"},{"taxonomy":"product_tag","embeddable":true,"href":"https:\/\/generateweb.net\/xfit\/wp-json\/wp\/v2\/product_tag?post=6136"}],"curies":[{"name":"wp","href":"https:\/\/api.w.org\/{rel}","templated":true}]}}