{"id":5999,"date":"2025-09-14T20:32:39","date_gmt":"2025-09-14T20:32:39","guid":{"rendered":"https:\/\/tst.ba\/?post_type=product&#038;p=5999"},"modified":"2026-02-06T15:22:34","modified_gmt":"2026-02-06T15:22:34","slug":"on-opti-men-90-caps","status":"publish","type":"product","link":"https:\/\/generateweb.net\/xfit\/proizvod\/on-opti-men-90-caps\/","title":{"rendered":"ON &#8211; OPTI-MEN\u00ae (90 tabs)"},"content":{"rendered":"<p data-start=\"155\" data-end=\"293\">OPTI-MEN je vrhunski multivitaminski kompleks posebno razvijen za aktivne mu\u0161karce koji \u017eele podr\u0161ku energiji, snazi i ukupnom zdravlju.<\/p>\n<p data-start=\"295\" data-end=\"532\">Ova napredna formula donosi vi\u0161e od 75 pa\u017eljivo odabranih aktivnih sastojaka. Sadr\u017ei 21 klju\u010dni vitamin i mineral, visoku dozu B kompleksa za energiju i vitalnost te dodatak slobodnih aminokiselina za podr\u0161ku mi\u0161i\u0107nom oporavku i snazi.<\/p>\n<p data-start=\"534\" data-end=\"704\">Uz to, formula uklju\u010duje 18 koncentrata vo\u0107a i povr\u0107a bogatih antioksidansima te sedam biljnih i morskih ekstrakata koji doprinose cjelokupnom zdravlju i izdr\u017eljivosti.<\/p>\n<p data-start=\"706\" data-end=\"729\"><strong data-start=\"706\" data-end=\"727\">Glavne prednosti:<\/strong><\/p>\n<ul data-start=\"730\" data-end=\"966\">\n<li data-start=\"730\" data-end=\"763\">\n<p data-start=\"732\" data-end=\"763\">vi\u0161e od 75 aktivnih sastojaka<\/p>\n<\/li>\n<li data-start=\"764\" data-end=\"808\">\n<p data-start=\"766\" data-end=\"808\">21 vitamin i mineral u optimalnim dozama<\/p>\n<\/li>\n<li data-start=\"809\" data-end=\"852\">\n<p data-start=\"811\" data-end=\"852\">preko 275 mg B kompleksa u dnevnoj dozi<\/p>\n<\/li>\n<li data-start=\"853\" data-end=\"907\">\n<p data-start=\"855\" data-end=\"907\">1 gram slobodnih aminokiselina za mi\u0161i\u0107ni oporavak<\/p>\n<\/li>\n<li data-start=\"908\" data-end=\"966\">\n<p data-start=\"910\" data-end=\"966\">dodatak biljnih ekstrakata i koncentrata vo\u0107a i povr\u0107a<\/p>\n<\/li>\n<\/ul>\n<p data-start=\"968\" data-end=\"1190\">OPTI-MEN je vi\u0161e od multivitamina \u2013 to je kompletna nutritivna podr\u0161ka za mu\u0161karce koji \u017eele posti\u0107i vrhunske rezultate, odr\u017eati energiju, oja\u010dati imunitet i podr\u017eati oporavak organizma nakon fizi\u010dkih i mentalnih napora.<\/p>\n","protected":false},"excerpt":{"rendered":"<p>OPTI-MEN je vrhunski multivitaminski kompleks posebno razvijen za aktivne mu\u0161karce koji \u017eele podr\u0161ku energiji, snazi i ukupnom zdravlju.<\/p>\n","protected":false},"featured_media":6001,"template":"","meta":{"_acf_changed":false},"product_brand":[60],"product_cat":[42,76],"product_tag":[],"class_list":{"0":"post-5999","1":"product","2":"type-product","3":"status-publish","4":"has-post-thumbnail","6":"product_brand-optimum-nutrition","7":"product_cat-suplementi","8":"product_cat-vitamini","10":"first","11":"instock","12":"taxable","13":"shipping-taxable","14":"purchasable","15":"product-type-simple"},"acf":[],"_links":{"self":[{"href":"https:\/\/generateweb.net\/xfit\/wp-json\/wp\/v2\/product\/5999","targetHints":{"allow":["GET"]}}],"collection":[{"href":"https:\/\/generateweb.net\/xfit\/wp-json\/wp\/v2\/product"}],"about":[{"href":"https:\/\/generateweb.net\/xfit\/wp-json\/wp\/v2\/types\/product"}],"version-history":[{"count":0,"href":"https:\/\/generateweb.net\/xfit\/wp-json\/wp\/v2\/product\/5999\/revisions"}],"wp:featuredmedia":[{"embeddable":true,"href":"https:\/\/generateweb.net\/xfit\/wp-json\/wp\/v2\/media\/6001"}],"wp:attachment":[{"href":"https:\/\/generateweb.net\/xfit\/wp-json\/wp\/v2\/media?parent=5999"}],"wp:term":[{"taxonomy":"product_brand","embeddable":true,"href":"https:\/\/generateweb.net\/xfit\/wp-json\/wp\/v2\/product_brand?post=5999"},{"taxonomy":"product_cat","embeddable":true,"href":"https:\/\/generateweb.net\/xfit\/wp-json\/wp\/v2\/product_cat?post=5999"},{"taxonomy":"product_tag","embeddable":true,"href":"https:\/\/generateweb.net\/xfit\/wp-json\/wp\/v2\/product_tag?post=5999"}],"curies":[{"name":"wp","href":"https:\/\/api.w.org\/{rel}","templated":true}]}}