{"id":5890,"date":"2025-09-14T09:56:38","date_gmt":"2025-09-14T09:56:38","guid":{"rendered":"https:\/\/tst.ba\/?post_type=product&#038;p=5890"},"modified":"2025-12-13T10:14:46","modified_gmt":"2025-12-13T10:14:46","slug":"bsn-syntha-6-edge-1-8kg","status":"publish","type":"product","link":"https:\/\/generateweb.net\/xfit\/proizvod\/bsn-syntha-6-edge-1-8kg\/","title":{"rendered":"BSN &#8211; Syntha 6 Edge (1,8kg)"},"content":{"rendered":"<p data-start=\"0\" data-end=\"275\"><strong data-start=\"0\" data-end=\"12\">Syntha-6<\/strong> je jedan od najpoznatijih i naj\u010de\u0161\u0107e kori\u0161tenih proteinskih suplemenata u svijetu \u2013 i to s razlogom. Spoj vrhunskih izvora proteina i fantasti\u010dnog okusa \u010dini ga jednim od rijetkih suplemenata koji istovremeno zadovoljavaju i performanse i u\u017eitak u konzumaciji.<\/p>\n<p data-start=\"277\" data-end=\"497\">Ova pobolj\u0161ana verzija nudi 48 serviranja, pri \u010demu svaka doza sadr\u017ei <strong data-start=\"347\" data-end=\"384\">24 g proteina i samo 1,5 g \u0161e\u0107era<\/strong>, \u0161to ga \u010dini idealnim izborom za bilo koje doba dana \u2013 prije ili poslije treninga, uz obrok ili kao me\u0111uobrok.<\/p>\n<p data-start=\"499\" data-end=\"546\"><strong data-start=\"499\" data-end=\"543\">Klju\u010dne karakteristike Syntha-6 proteina<\/strong>:<\/p>\n<ul data-start=\"547\" data-end=\"920\">\n<li data-start=\"547\" data-end=\"614\">\n<p data-start=\"549\" data-end=\"614\">ravnomjerno otpu\u0161tanje aminokiselina i do 8 sati nakon uzimanja<\/p>\n<\/li>\n<li data-start=\"615\" data-end=\"679\">\n<p data-start=\"617\" data-end=\"679\">multifunkcionalni A.M.-P.M. protein, pogodan u svako vrijeme<\/p>\n<\/li>\n<li data-start=\"680\" data-end=\"726\">\n<p data-start=\"682\" data-end=\"726\">6 razli\u010ditih ultra-premium izvora proteina<\/p>\n<\/li>\n<li data-start=\"727\" data-end=\"767\">\n<p data-start=\"729\" data-end=\"767\">enzimi za bolju probavu i apsorpciju<\/p>\n<\/li>\n<li data-start=\"768\" data-end=\"831\">\n<p data-start=\"770\" data-end=\"831\">bogatstvo BCAA, esencijalnih i neesencijalnih aminokiselina<\/p>\n<\/li>\n<li data-start=\"832\" data-end=\"856\">\n<p data-start=\"834\" data-end=\"856\">MCT za brzu energiju<\/p>\n<\/li>\n<li data-start=\"857\" data-end=\"902\">\n<p data-start=\"859\" data-end=\"902\">glutamin peptidi i vrijedan izvor vlakana<\/p>\n<\/li>\n<li data-start=\"903\" data-end=\"920\">\n<p data-start=\"905\" data-end=\"920\">bez aspartama<\/p>\n<\/li>\n<\/ul>\n<p data-start=\"922\" data-end=\"963\"><strong data-start=\"922\" data-end=\"960\">Proteinski matriks Syntha-6 sadr\u017ei<\/strong>:<\/p>\n<ul data-start=\"964\" data-end=\"1202\">\n<li data-start=\"964\" data-end=\"1028\">\n<p data-start=\"966\" data-end=\"1028\">ultrafiltrovani koncentrat whey proteina (s \u03b1-laktalbuminom)<\/p>\n<\/li>\n<li data-start=\"1029\" data-end=\"1067\">\n<p data-start=\"1031\" data-end=\"1067\">micelarni \u03b1 i \u03b2 kazein i kazeinate<\/p>\n<\/li>\n<li data-start=\"1068\" data-end=\"1129\">\n<p data-start=\"1070\" data-end=\"1129\">mikrofiltrovani izolat whey proteina s frakcijama peptida<\/p>\n<\/li>\n<li data-start=\"1130\" data-end=\"1146\">\n<p data-start=\"1132\" data-end=\"1146\">albumin jaja<\/p>\n<\/li>\n<li data-start=\"1147\" data-end=\"1168\">\n<p data-start=\"1149\" data-end=\"1168\">kalcijum kazeinat<\/p>\n<\/li>\n<li data-start=\"1169\" data-end=\"1202\">\n<p data-start=\"1171\" data-end=\"1202\">koncentrat mlije\u010dnog proteina<\/p>\n<\/li>\n<\/ul>\n<p data-start=\"1204\" data-end=\"1448\">Kori\u0161tenjem Syntha-6 osiguravate konstantan dotok proteina i aminokiselina, neophodnih za oporavak i rast mi\u0161i\u0107a. Zahvaljuju\u0107i vi\u0161efaznom otpu\u0161tanju, ovaj protein je odli\u010dan izbor i za me\u0111uobrok i za dopunu prehrane nakon fizi\u010dkih aktivnosti.<\/p>\n","protected":false},"excerpt":{"rendered":"<p><strong data-start=\"0\" data-end=\"12\">Syntha-6<\/strong> je jedan od najpoznatijih i naj\u010de\u0161\u0107e kori\u0161tenih proteinskih suplemenata u svijetu \u2013 i to s razlogom.<\/p>\n","protected":false},"featured_media":5891,"template":"","meta":{"_acf_changed":false},"product_brand":[45],"product_cat":[53,42,75],"product_tag":[],"class_list":{"0":"post-5890","1":"product","2":"type-product","3":"status-publish","4":"has-post-thumbnail","6":"product_brand-bsn","7":"product_cat-proteini","8":"product_cat-suplementi","9":"product_cat-blendovi","11":"first","12":"instock","13":"taxable","14":"shipping-taxable","15":"purchasable","16":"product-type-variable"},"acf":[],"_links":{"self":[{"href":"https:\/\/generateweb.net\/xfit\/wp-json\/wp\/v2\/product\/5890","targetHints":{"allow":["GET"]}}],"collection":[{"href":"https:\/\/generateweb.net\/xfit\/wp-json\/wp\/v2\/product"}],"about":[{"href":"https:\/\/generateweb.net\/xfit\/wp-json\/wp\/v2\/types\/product"}],"version-history":[{"count":0,"href":"https:\/\/generateweb.net\/xfit\/wp-json\/wp\/v2\/product\/5890\/revisions"}],"wp:featuredmedia":[{"embeddable":true,"href":"https:\/\/generateweb.net\/xfit\/wp-json\/wp\/v2\/media\/5891"}],"wp:attachment":[{"href":"https:\/\/generateweb.net\/xfit\/wp-json\/wp\/v2\/media?parent=5890"}],"wp:term":[{"taxonomy":"product_brand","embeddable":true,"href":"https:\/\/generateweb.net\/xfit\/wp-json\/wp\/v2\/product_brand?post=5890"},{"taxonomy":"product_cat","embeddable":true,"href":"https:\/\/generateweb.net\/xfit\/wp-json\/wp\/v2\/product_cat?post=5890"},{"taxonomy":"product_tag","embeddable":true,"href":"https:\/\/generateweb.net\/xfit\/wp-json\/wp\/v2\/product_tag?post=5890"}],"curies":[{"name":"wp","href":"https:\/\/api.w.org\/{rel}","templated":true}]}}