{"id":5877,"date":"2025-09-14T09:35:23","date_gmt":"2025-09-14T09:35:23","guid":{"rendered":"https:\/\/tst.ba\/?post_type=product&#038;p=5877"},"modified":"2026-03-13T09:28:16","modified_gmt":"2026-03-13T09:28:16","slug":"mutant-test-90-caps","status":"publish","type":"product","link":"https:\/\/generateweb.net\/xfit\/mutant-test-90-caps\/","title":{"rendered":"Mutant &#8211; Test (90 caps)"},"content":{"rendered":"<p data-start=\"114\" data-end=\"458\">Mutant Test je napredna anaboli\u010dka formula posebno razvijena za mu\u0161karce koji \u017eele brzo i u\u010dinkovito pove\u0107ati prirodni nivo testosterona. Za razliku od standardnih dodataka, Mutant Test koristi klini\u010dki ispitane sastojke koji dokazano djeluju ve\u0107 u prvih 12 sati nakon konzumacije, osiguravaju\u0107i brzi rast snage, mi\u0161i\u0107ne mase i izdr\u017eljivosti.<\/p>\n<p data-start=\"460\" data-end=\"849\">Formula uklju\u010duje punu dozu <strong data-start=\"488\" data-end=\"519\">DAA (D-asparti\u010dna kiselina)<\/strong>, <strong data-start=\"521\" data-end=\"534\">Tribulusa<\/strong> i <strong data-start=\"537\" data-end=\"552\">TestoSurge\u00ae<\/strong> \u2013 patentirano bioaktivno jedinjenje koje djeluje kroz vi\u0161e fiziolo\u0161kih puteva kako bi brzo podiglo i za\u0161titilo nivo testosterona. TestoSurge je klju\u010dni sastojak ove formule, jedini u svojoj vrsti, koji osigurava pove\u0107anje testosterona na na\u010din koji do sada nije bio mogu\u0107 s drugim suplementima.<\/p>\n<p data-start=\"851\" data-end=\"936\"><strong data-start=\"851\" data-end=\"880\">Kako djeluje Mutant Test?<\/strong><br data-start=\"880\" data-end=\"883\" \/><br \/>\nMutant Test koristi dvostruki mehanizam djelovanja:<\/p>\n<ul data-start=\"937\" data-end=\"1238\">\n<li data-start=\"937\" data-end=\"1084\">\n<p data-start=\"939\" data-end=\"1084\">inhibira enzim aromatazu i time smanjuje pretvaranje testosterona u estrogen, \u010dime se umanjuju nuspojave poput zadr\u017eavanja vode i ginekomastije<\/p>\n<\/li>\n<li data-start=\"1085\" data-end=\"1238\">\n<p data-start=\"1087\" data-end=\"1238\">blokira enzim 5a-reduktazu, sprje\u010davaju\u0107i pretvaranje testosterona u DHT, \u010dime \u0161titi testosteron od brze razgradnje i ne\u017eeljenih androgenih nuspojava<\/p>\n<\/li>\n<\/ul>\n<p data-start=\"1240\" data-end=\"1640\"><strong data-start=\"1240\" data-end=\"1270\">Nau\u010dno dokazani rezultati:<\/strong><br data-start=\"1270\" data-end=\"1273\" \/><br \/>\nU randomiziranoj, dvostruko slijepoj, placebom kontroliranoj studiji ispitanici koji su konzumirali primarni sastojak Mutant Testa pove\u0107ali su ukupni testosteron za \u010dak <strong data-start=\"1442\" data-end=\"1450\">376%<\/strong> u odnosu na placebo grupu u samo 12 sati. Tako\u0111er, slobodni nevezani testosteron \u2013 jedini oblik koji direktno aktivira receptore testosterona \u2013 pove\u0107ao se za <strong data-start=\"1609\" data-end=\"1617\">144%<\/strong> u odnosu na placebo.<\/p>\n<p data-start=\"1642\" data-end=\"1671\"><strong data-start=\"1642\" data-end=\"1669\">Prednosti Mutant Testa:<\/strong><\/p>\n<ul data-start=\"1672\" data-end=\"1942\">\n<li data-start=\"1672\" data-end=\"1732\">\n<p data-start=\"1674\" data-end=\"1732\">klini\u010dki dokazano pove\u0107ava testosteron u roku od 12 sati<\/p>\n<\/li>\n<li data-start=\"1733\" data-end=\"1786\">\n<p data-start=\"1735\" data-end=\"1786\">uklju\u010duje DAA, Tribulus i patentirani TestoSurge\u00ae<\/p>\n<\/li>\n<li data-start=\"1787\" data-end=\"1830\">\n<p data-start=\"1789\" data-end=\"1830\">podr\u017eava brzi rast mi\u0161i\u0107ne mase i snage<\/p>\n<\/li>\n<li data-start=\"1831\" data-end=\"1885\">\n<p data-start=\"1833\" data-end=\"1885\">smanjuje pretvaranje testosterona u estrogen i DHT<\/p>\n<\/li>\n<li data-start=\"1886\" data-end=\"1942\">\n<p data-start=\"1888\" data-end=\"1942\">doprinosi ve\u0107oj energiji, izdr\u017eljivosti i motivaciji<\/p>\n<\/li>\n<\/ul>\n<p data-start=\"1944\" data-end=\"2157\">Mutant Test je formuliran za ozbiljne vje\u017eba\u010de i sportiste kojima je cilj maksimalan napredak u najkra\u0107em roku. Nema \u010dekanja na rezultate \u2013 ova formula radi br\u017ee i sna\u017enije od bilo kojeg klasi\u010dnog test boostera.<\/p>\n","protected":false},"excerpt":{"rendered":"<p>Mutant Test je napredna anaboli\u010dka formula posebno razvijena za mu\u0161karce koji \u017eele brzo i u\u010dinkovito pove\u0107ati prirodni nivo testosterona.<\/p>\n","protected":false},"featured_media":5879,"template":"","meta":{"_acf_changed":false},"product_brand":[58],"product_cat":[74,42],"product_tag":[],"class_list":{"0":"post-5877","1":"product","2":"type-product","3":"status-publish","4":"has-post-thumbnail","6":"product_brand-mutant","7":"product_cat-performanse","8":"product_cat-suplementi","10":"first","11":"instock","12":"taxable","13":"shipping-taxable","14":"purchasable","15":"product-type-simple"},"acf":[],"_links":{"self":[{"href":"https:\/\/generateweb.net\/xfit\/wp-json\/wp\/v2\/product\/5877","targetHints":{"allow":["GET"]}}],"collection":[{"href":"https:\/\/generateweb.net\/xfit\/wp-json\/wp\/v2\/product"}],"about":[{"href":"https:\/\/generateweb.net\/xfit\/wp-json\/wp\/v2\/types\/product"}],"version-history":[{"count":0,"href":"https:\/\/generateweb.net\/xfit\/wp-json\/wp\/v2\/product\/5877\/revisions"}],"wp:featuredmedia":[{"embeddable":true,"href":"https:\/\/generateweb.net\/xfit\/wp-json\/wp\/v2\/media\/5879"}],"wp:attachment":[{"href":"https:\/\/generateweb.net\/xfit\/wp-json\/wp\/v2\/media?parent=5877"}],"wp:term":[{"taxonomy":"product_brand","embeddable":true,"href":"https:\/\/generateweb.net\/xfit\/wp-json\/wp\/v2\/product_brand?post=5877"},{"taxonomy":"product_cat","embeddable":true,"href":"https:\/\/generateweb.net\/xfit\/wp-json\/wp\/v2\/product_cat?post=5877"},{"taxonomy":"product_tag","embeddable":true,"href":"https:\/\/generateweb.net\/xfit\/wp-json\/wp\/v2\/product_tag?post=5877"}],"curies":[{"name":"wp","href":"https:\/\/api.w.org\/{rel}","templated":true}]}}