{"id":5874,"date":"2025-09-14T09:32:49","date_gmt":"2025-09-14T09:32:49","guid":{"rendered":"https:\/\/tst.ba\/?post_type=product&#038;p=5874"},"modified":"2026-02-06T16:10:03","modified_gmt":"2026-02-06T16:10:03","slug":"sopharma-tribestan-60-tabs","status":"publish","type":"product","link":"https:\/\/generateweb.net\/xfit\/sopharma-tribestan-60-tabs\/","title":{"rendered":"Sopharma &#8211; Tribestan (60 tabs)"},"content":{"rendered":"<p><strong><em>Sopharma Tribestan<\/em><\/strong> je legendarni dodatak prehrani i jedan od najpoznatijih prirodnih testosteron boostera na svijetu.<\/p>\n<p>Ovo nije trend suplement \u2013 Tribestan se koristi decenijama i va\u017ei za ozbiljan izbor kada je cilj pove\u0107anje testosterona, ja\u010di libido, bolja seksualna energija i ukupna mu\u0161ka vitalnost.<\/p>\n<p>Baziran na standardiziranom ekstraktu biljke Tribulus terrestris, Tribestan je poznat po svom sna\u017enom djelovanju na hormonalnu ravnote\u017eu, fizi\u010dku snagu i mentalni \u201cdrive\u201d.<\/p>\n<p>Mnogi ga koriste zbog efekta na mu\u0161ku snagu, raspolo\u017eenje, samopouzdanje i seksualnu \u017eelju, kako u treningu, tako i u svakodnevnom \u017eivotu.<\/p>\n<p><strong>Tribestan<\/strong> nije samo suplement za teretanu \u2013 to je lifestyle dodatak za mu\u0161karce koji \u017eele vi\u0161e energije, ja\u010du motivaciju, bolji fokus i stabilnije <em>raspolo\u017eenje.<\/em><\/p>\n<p>Posebno je cijenjen me\u0111u sportistima i aktivnim mu\u0161karcima koji \u017eele prirodan pristup testosteronu bez agresivnih hemijskih stimulansa.<\/p>\n<p><strong><em>Sopharma Tribestan<\/em><\/strong> je farmaceutski proizvod sa dugom tradicijom, proizveden prema visokim standardima kvaliteta i \u010disto\u0107e.<\/p>\n<p>Ako tra\u017ei\u0161 provjeren, sna\u017ean i ozbiljan prirodni suplement za <a href=\"https:\/\/generateweb.net\/xfit\/suplementi\/performanse\">testosteron, libido i mu\u0161ke performanse<\/a> \u2013 Tribestan je izbor bez kompromisa.<\/p>\n<h4><strong><em>Glavni efekti Tribestana<\/em><\/strong><\/h4>\n<ul>\n<li><span style=\"font-size: 12pt;\">\u2022 podr\u0161ka prirodnom testosteronu <\/span><\/li>\n<li><span style=\"font-size: 12pt;\">\u2022 ja\u010di libido i seksualna \u017eelja<\/span><\/li>\n<li><span style=\"font-size: 12pt;\"> \u2022 pove\u0107ana energija i izdr\u017eljivost<\/span><\/li>\n<li><span style=\"font-size: 12pt;\"> \u2022 bolje raspolo\u017eenje <\/span><\/li>\n<li><span style=\"font-size: 12pt;\">\u2022 ve\u0107e samopouzdanje <\/span><\/li>\n<li><span style=\"font-size: 12pt;\">\u2022 podr\u0161ka sportskim i lifestyle performansama<\/span><\/li>\n<\/ul>\n<h3><strong><em>Za koga je Tribestan?<\/em><\/strong><\/h3>\n<ul>\n<li>\u2022 mu\u0161karce koji \u017eele prirodnu podr\u0161ku testosteronu <br \/>\n\u2022 sportiste i rekreativce <br \/>\n\u2022 mu\u0161karce s padom energije i libida <br \/>\n\u2022 osobe pod stresom i umorom <br \/>\n\u2022 sve koji \u017eele ozbiljan lifestyle upgrade<\/li>\n<\/ul>\n<p>[sp_easyaccordion id=&#8221;10810&#8243;]<\/p>\n<p>&nbsp;<\/p>\n<p>Pogledajte i ostalu ponudu <a href=\"https:\/\/generateweb.net\/xfit\/suplementi\/performanse\/\"><span style=\"color: #ffcc00;\">testosteron boostera<\/span><\/a> i suplemenata za mu\u0161karce te prona\u0111ite proizvode za energiju, libido i maksimalnu mu\u0161ku performansu.<\/p>\n","protected":false},"excerpt":{"rendered":"<blockquote>\n<p><span style=\"font-size: 10pt;\">\u2714 Jedan od najja\u010dih prirodnih testosteron boostera<\/span><br \/>\n<span style=\"font-size: 10pt;\">\u2714 Ja\u010di libido i seksualna energija<\/span><br \/>\n<span style=\"font-size: 10pt;\">\u2714 Vi\u0161e snage, fokusa i samopouzdanja<\/span><br \/>\n<span style=\"font-size: 10pt;\">\u2714 Bolje raspolo\u017eenje i mu\u0161ka vitalnost<\/span><br \/>\n<span style=\"font-size: 10pt;\">\u2714 Klini\u010dki istra\u017een i farmaceutski standard<\/span><\/p>\n<\/blockquote>\n","protected":false},"featured_media":5876,"template":"","meta":{"_acf_changed":false},"product_brand":[106],"product_cat":[46,74,42],"product_tag":[],"class_list":{"0":"post-5874","1":"product","2":"type-product","3":"status-publish","4":"has-post-thumbnail","6":"product_brand-sopharma","7":"product_cat-najtrazenije-najprodavanije-izdvojeno","8":"product_cat-performanse","9":"product_cat-suplementi","11":"first","12":"instock","13":"taxable","14":"shipping-taxable","15":"purchasable","16":"product-type-simple"},"acf":[],"_links":{"self":[{"href":"https:\/\/generateweb.net\/xfit\/wp-json\/wp\/v2\/product\/5874","targetHints":{"allow":["GET"]}}],"collection":[{"href":"https:\/\/generateweb.net\/xfit\/wp-json\/wp\/v2\/product"}],"about":[{"href":"https:\/\/generateweb.net\/xfit\/wp-json\/wp\/v2\/types\/product"}],"version-history":[{"count":0,"href":"https:\/\/generateweb.net\/xfit\/wp-json\/wp\/v2\/product\/5874\/revisions"}],"wp:featuredmedia":[{"embeddable":true,"href":"https:\/\/generateweb.net\/xfit\/wp-json\/wp\/v2\/media\/5876"}],"wp:attachment":[{"href":"https:\/\/generateweb.net\/xfit\/wp-json\/wp\/v2\/media?parent=5874"}],"wp:term":[{"taxonomy":"product_brand","embeddable":true,"href":"https:\/\/generateweb.net\/xfit\/wp-json\/wp\/v2\/product_brand?post=5874"},{"taxonomy":"product_cat","embeddable":true,"href":"https:\/\/generateweb.net\/xfit\/wp-json\/wp\/v2\/product_cat?post=5874"},{"taxonomy":"product_tag","embeddable":true,"href":"https:\/\/generateweb.net\/xfit\/wp-json\/wp\/v2\/product_tag?post=5874"}],"curies":[{"name":"wp","href":"https:\/\/api.w.org\/{rel}","templated":true}]}}