{"id":5757,"date":"2025-09-13T22:44:54","date_gmt":"2025-09-13T22:44:54","guid":{"rendered":"https:\/\/tst.ba\/?post_type=product&#038;p=5757"},"modified":"2026-02-06T13:52:13","modified_gmt":"2026-02-06T13:52:13","slug":"optimum-serious-mass-masa-gainer-28kg","status":"publish","type":"product","link":"https:\/\/generateweb.net\/xfit\/proizvod\/optimum-serious-mass-masa-gainer-28kg\/","title":{"rendered":"ON &#8211; Serious Mass 2,72kg"},"content":{"rendered":"<p data-start=\"167\" data-end=\"389\">Serious Mass je najja\u010di <strong data-start=\"191\" data-end=\"227\">gainer visokog kalorijskog unosa<\/strong> iz Optimum Nutrition linije, posebno kreiran za sporta\u0161e i vje\u017eba\u010de kojima je potreban zna\u010dajan kalorijski i nutritivni poticaj za rast mi\u0161i\u0107a i bolju izvedbu.<\/p>\n<p data-start=\"391\" data-end=\"690\">Svaka porcija pru\u017ea \u010dak <strong data-start=\"415\" data-end=\"432\">1260 kalorija<\/strong>, <strong data-start=\"434\" data-end=\"451\">50 g proteina<\/strong> iz brzo probavljivog whey koncentrata i <strong data-start=\"492\" data-end=\"516\">253 g ugljikohidrata<\/strong> za energiju i podr\u0161ku intenzivnim treninzima. Formula je dodatno oboga\u0107ena sa <strong data-start=\"595\" data-end=\"622\">5 g kreatin monohidrata<\/strong>, <strong data-start=\"624\" data-end=\"641\">8 g glutamina<\/strong> i \u010dak <strong data-start=\"648\" data-end=\"687\">19 esencijalnih vitamina i minerala<\/strong>.<\/p>\n<p data-start=\"692\" data-end=\"723\"><strong data-start=\"692\" data-end=\"721\">Prednosti Serious Mass-a:<\/strong><\/p>\n<ul data-start=\"724\" data-end=\"1012\">\n<li data-start=\"724\" data-end=\"787\">\n<p data-start=\"726\" data-end=\"787\">1260 kalorija i 50 g proteina po porciji za rast \u010diste mase<\/p>\n<\/li>\n<li data-start=\"788\" data-end=\"840\">\n<p data-start=\"790\" data-end=\"840\">253 g ugljikohidrata za energiju i br\u017ei oporavak<\/p>\n<\/li>\n<li data-start=\"841\" data-end=\"898\">\n<p data-start=\"843\" data-end=\"898\">Kreatin i glutamin za pove\u0107anje snage i izdr\u017eljivosti<\/p>\n<\/li>\n<li data-start=\"899\" data-end=\"967\">\n<p data-start=\"901\" data-end=\"967\">Oboga\u0107en vitaminima i mineralima za cjelokupnu podr\u0161ku organizmu<\/p>\n<\/li>\n<li data-start=\"968\" data-end=\"1012\">\n<p data-start=\"970\" data-end=\"1012\">Dolazi u vi\u0161e odli\u010dnih i kremastih okusa<\/p>\n<\/li>\n<\/ul>\n<p data-start=\"1014\" data-end=\"1220\"><strong data-start=\"1014\" data-end=\"1039\">Preporu\u010dena upotreba:<\/strong><br data-start=\"1039\" data-end=\"1042\" \/><br \/>\nPomije\u0161ajte 2 mjerice (1 porciju) sa 700 ml vode ili mlijeka. Konzumirajte jednom dnevno \u2013 najbolje nakon treninga ili izme\u0111u obroka, u zavisnosti od va\u0161ih kalorijskih potreba.<\/p>\n<p data-start=\"1222\" data-end=\"1264\"><strong data-start=\"1222\" data-end=\"1262\">Nutritivne vrijednosti (po porciji):<\/strong><\/p>\n<ul data-start=\"1265\" data-end=\"1444\">\n<li data-start=\"1265\" data-end=\"1283\">\n<p data-start=\"1267\" data-end=\"1283\">Kalorije: 1260<\/p>\n<\/li>\n<li data-start=\"1284\" data-end=\"1302\">\n<p data-start=\"1286\" data-end=\"1302\">Proteini: 50 g<\/p>\n<\/li>\n<li data-start=\"1303\" data-end=\"1328\">\n<p data-start=\"1305\" data-end=\"1328\">Ugljikohidrati: 253 g<\/p>\n<\/li>\n<li data-start=\"1329\" data-end=\"1345\">\n<p data-start=\"1331\" data-end=\"1345\">Masti: 4,5 g<\/p>\n<\/li>\n<li data-start=\"1346\" data-end=\"1373\">\n<p data-start=\"1348\" data-end=\"1373\">Kreatin monohidrat: 5 g<\/p>\n<\/li>\n<li data-start=\"1374\" data-end=\"1391\">\n<p data-start=\"1376\" data-end=\"1391\">Glutamin: 8 g<\/p>\n<\/li>\n<li data-start=\"1392\" data-end=\"1444\">\n<p data-start=\"1394\" data-end=\"1444\">Vitamini i minerali: 19 esencijalnih nutrijenata<\/p>\n<\/li>\n<\/ul>\n<p data-start=\"1446\" data-end=\"1543\"><strong data-start=\"1446\" data-end=\"1460\">Pakovanje:<\/strong> 2,7 kg \/ 5,4 kg<br data-start=\"1476\" data-end=\"1479\" \/><br \/>\n<strong data-start=\"1479\" data-end=\"1489\">Okusi:<\/strong> \u010cokolada, Vanilija, Jagoda, Banana, Cookies &amp; Cream<\/p>\n","protected":false},"excerpt":{"rendered":"<p>Serious Mass je najja\u010di <strong data-start=\"191\" data-end=\"227\">gainer visokog kalorijskog unosa<\/strong> iz Optimum Nutrition linije, posebno kreiran za sporta\u0161e i vje\u017eba\u010de kojima je potreban zna\u010dajan kalorijski i nutritivni poticaj za rast mi\u0161i\u0107a i bolju izvedbu.<\/p>\n","protected":false},"featured_media":5759,"template":"","meta":{"_acf_changed":false},"product_brand":[60],"product_cat":[69,42],"product_tag":[],"class_list":{"0":"post-5757","1":"product","2":"type-product","3":"status-publish","4":"has-post-thumbnail","6":"product_brand-optimum-nutrition","7":"product_cat-gaineri","8":"product_cat-suplementi","10":"first","11":"instock","12":"taxable","13":"shipping-taxable","14":"purchasable","15":"product-type-variable"},"acf":[],"_links":{"self":[{"href":"https:\/\/generateweb.net\/xfit\/wp-json\/wp\/v2\/product\/5757","targetHints":{"allow":["GET"]}}],"collection":[{"href":"https:\/\/generateweb.net\/xfit\/wp-json\/wp\/v2\/product"}],"about":[{"href":"https:\/\/generateweb.net\/xfit\/wp-json\/wp\/v2\/types\/product"}],"version-history":[{"count":0,"href":"https:\/\/generateweb.net\/xfit\/wp-json\/wp\/v2\/product\/5757\/revisions"}],"wp:featuredmedia":[{"embeddable":true,"href":"https:\/\/generateweb.net\/xfit\/wp-json\/wp\/v2\/media\/5759"}],"wp:attachment":[{"href":"https:\/\/generateweb.net\/xfit\/wp-json\/wp\/v2\/media?parent=5757"}],"wp:term":[{"taxonomy":"product_brand","embeddable":true,"href":"https:\/\/generateweb.net\/xfit\/wp-json\/wp\/v2\/product_brand?post=5757"},{"taxonomy":"product_cat","embeddable":true,"href":"https:\/\/generateweb.net\/xfit\/wp-json\/wp\/v2\/product_cat?post=5757"},{"taxonomy":"product_tag","embeddable":true,"href":"https:\/\/generateweb.net\/xfit\/wp-json\/wp\/v2\/product_tag?post=5757"}],"curies":[{"name":"wp","href":"https:\/\/api.w.org\/{rel}","templated":true}]}}