{"id":5750,"date":"2025-09-13T22:38:17","date_gmt":"2025-09-13T22:38:17","guid":{"rendered":"https:\/\/tst.ba\/?post_type=product&#038;p=5750"},"modified":"2025-12-13T13:33:30","modified_gmt":"2025-12-13T13:33:30","slug":"optimum-creatine-317g","status":"publish","type":"product","link":"https:\/\/generateweb.net\/xfit\/proizvod\/optimum-creatine-317g\/","title":{"rendered":"ON &#8211; Micronized Creatine Powder &#8211; 317g"},"content":{"rendered":"<p data-start=\"121\" data-end=\"281\">Optimum Nutrition Micronized Creatine Powder sadr\u017ei <strong data-start=\"173\" data-end=\"216\">100% \u010disti CreaPure\u00ae kreatin monohidrat<\/strong> u mikroniziranom obliku za bolju topljivost i br\u017eu apsorpciju.<\/p>\n<p data-start=\"283\" data-end=\"501\">Kreatin pove\u0107ava nivo fosfokreatina u mi\u0161i\u0107ima, \u0161to dovodi do pove\u0107ane proizvodnje ATP-a \u2013 glavnog izvora energije za kontrakcije i eksplozivne pokrete. Rezultat je <strong data-start=\"448\" data-end=\"498\">vi\u0161e snage, bolja izdr\u017eljivost i br\u017ei oporavak<\/strong>.<\/p>\n<p data-start=\"503\" data-end=\"666\">Ve\u0107 nakon 7\u201310 dana suplementacije mnogi korisnici primje\u0107uju dramati\u010dne rezultate: ve\u0107a snaga, bolja mi\u0161i\u0107na izdr\u017eljivost, pa \u010dak i dobitak 2\u20134 kg mi\u0161i\u0107ne mase.<\/p>\n<p data-start=\"668\" data-end=\"699\"><strong data-start=\"668\" data-end=\"697\">Karakteristike proizvoda:<\/strong><\/p>\n<ul data-start=\"700\" data-end=\"936\">\n<li data-start=\"700\" data-end=\"737\">\n<p data-start=\"702\" data-end=\"737\">100% CreaPure\u00ae kreatin monohidrat<\/p>\n<\/li>\n<li data-start=\"738\" data-end=\"790\">\n<p data-start=\"740\" data-end=\"790\">Mikroniziran za vrhunsku topljivost i apsorpciju<\/p>\n<\/li>\n<li data-start=\"791\" data-end=\"853\">\n<p data-start=\"793\" data-end=\"853\">Bez okusa i aditiva \u2013 lako se mije\u0161a s bilo kojim napitkom<\/p>\n<\/li>\n<li data-start=\"854\" data-end=\"900\">\n<p data-start=\"856\" data-end=\"900\">Poti\u010de snagu, eksplozivnost i mi\u0161i\u0107ni rast<\/p>\n<\/li>\n<li data-start=\"901\" data-end=\"936\">\n<p data-start=\"903\" data-end=\"936\">Ubrzava oporavak nakon treninga<\/p>\n<\/li>\n<\/ul>\n<p data-start=\"938\" data-end=\"960\"><strong data-start=\"938\" data-end=\"952\">Pakovanje:<\/strong> 317 g<\/p>\n<p data-start=\"962\" data-end=\"1103\">Za optimalne rezultate, preporu\u010duje se konzumacija uz adekvatan plan ishrane i treninga, uz dovoljan unos te\u010dnosti (8\u201310 \u010da\u0161a vode dnevno).<\/p>\n","protected":false},"excerpt":{"rendered":"<p>Optimum Nutrition Micronized Creatine Powder sadr\u017ei <strong data-start=\"173\" data-end=\"216\">100% \u010disti CreaPure\u00ae kreatin monohidrat<\/strong> u mikroniziranom obliku za bolju topljivost i br\u017eu apsorpciju.<\/p>\n","protected":false},"featured_media":5752,"template":"","meta":{"_acf_changed":false},"product_brand":[60],"product_cat":[68,42],"product_tag":[],"class_list":{"0":"post-5750","1":"product","2":"type-product","3":"status-publish","4":"has-post-thumbnail","6":"product_brand-optimum-nutrition","7":"product_cat-creatini","8":"product_cat-suplementi","10":"first","11":"instock","12":"taxable","13":"shipping-taxable","14":"purchasable","15":"product-type-simple"},"acf":[],"_links":{"self":[{"href":"https:\/\/generateweb.net\/xfit\/wp-json\/wp\/v2\/product\/5750","targetHints":{"allow":["GET"]}}],"collection":[{"href":"https:\/\/generateweb.net\/xfit\/wp-json\/wp\/v2\/product"}],"about":[{"href":"https:\/\/generateweb.net\/xfit\/wp-json\/wp\/v2\/types\/product"}],"version-history":[{"count":0,"href":"https:\/\/generateweb.net\/xfit\/wp-json\/wp\/v2\/product\/5750\/revisions"}],"wp:featuredmedia":[{"embeddable":true,"href":"https:\/\/generateweb.net\/xfit\/wp-json\/wp\/v2\/media\/5752"}],"wp:attachment":[{"href":"https:\/\/generateweb.net\/xfit\/wp-json\/wp\/v2\/media?parent=5750"}],"wp:term":[{"taxonomy":"product_brand","embeddable":true,"href":"https:\/\/generateweb.net\/xfit\/wp-json\/wp\/v2\/product_brand?post=5750"},{"taxonomy":"product_cat","embeddable":true,"href":"https:\/\/generateweb.net\/xfit\/wp-json\/wp\/v2\/product_cat?post=5750"},{"taxonomy":"product_tag","embeddable":true,"href":"https:\/\/generateweb.net\/xfit\/wp-json\/wp\/v2\/product_tag?post=5750"}],"curies":[{"name":"wp","href":"https:\/\/api.w.org\/{rel}","templated":true}]}}