{"id":5747,"date":"2025-09-13T22:36:21","date_gmt":"2025-09-13T22:36:21","guid":{"rendered":"https:\/\/tst.ba\/?post_type=product&#038;p=5747"},"modified":"2025-12-13T13:35:35","modified_gmt":"2025-12-13T13:35:35","slug":"mutant-creakong-creatine-300g","status":"publish","type":"product","link":"https:\/\/generateweb.net\/xfit\/proizvod\/mutant-creakong-creatine-300g\/","title":{"rendered":"Mutant &#8211; Creakong Creatine CX8"},"content":{"rendered":"<p data-start=\"133\" data-end=\"414\">Mutant CreaKONG CX8 je jedinstvena mje\u0161avina <strong data-start=\"178\" data-end=\"229\">tri naj\u010di\u0161\u0107a i nau\u010dno potvr\u0111ena oblika kreatina<\/strong>: kreatin monohidrat, kreatin malat i kreatin magnezijev kelat. Svaka komponenta je laboratorijski testirana i dokazano doprinosi rastu mi\u0161i\u0107ne mase, pove\u0107anju snage i br\u017eem oporavku.<\/p>\n<p data-start=\"416\" data-end=\"727\">Uz 4 g \u010distog kreatina, formula je dodatno poja\u010dana sa <strong data-start=\"471\" data-end=\"542\">BCAA aminokiselinama, taurinom i Creatine Synthesizing Matrix (CSM)<\/strong> kompleksom koji uklju\u010duje prekursore poput arginina i metionina. Ovaj sinergijski spoj podr\u017eava sintezu ATP-a i proteina, \u0161to zna\u010di vi\u0161e energije, bolji pump i sna\u017eniji mi\u0161i\u0107ni rast.<\/p>\n<p data-start=\"729\" data-end=\"765\"><strong data-start=\"729\" data-end=\"763\">Prednosti Mutant CreaKONG CX8:<\/strong><\/p>\n<ul data-start=\"766\" data-end=\"1086\">\n<li data-start=\"766\" data-end=\"838\">\n<p data-start=\"768\" data-end=\"838\">Trostruka kombinacija kreatina: monohidrat, malat i magnezijev kelat<\/p>\n<\/li>\n<li data-start=\"839\" data-end=\"887\">\n<p data-start=\"841\" data-end=\"887\">Pove\u0107ava snagu, eksplozivnost i izdr\u017eljivost<\/p>\n<\/li>\n<li data-start=\"888\" data-end=\"932\">\n<p data-start=\"890\" data-end=\"932\">Ubrzava oporavak i smanjuje mi\u0161i\u0107ni umor<\/p>\n<\/li>\n<li data-start=\"933\" data-end=\"977\">\n<p data-start=\"935\" data-end=\"977\">Oboga\u0107en BCAA aminokiselinama i taurinom<\/p>\n<\/li>\n<li data-start=\"978\" data-end=\"1018\">\n<p data-start=\"980\" data-end=\"1018\">Odli\u010dna topljivost i brza apsorpcija<\/p>\n<\/li>\n<li data-start=\"1019\" data-end=\"1086\">\n<p data-start=\"1021\" data-end=\"1086\">Bez okusa i aditiva \u2013 jednostavno mije\u0161anje u bilo koji napitak<\/p>\n<\/li>\n<\/ul>\n<p data-start=\"1088\" data-end=\"1110\"><strong data-start=\"1088\" data-end=\"1102\">Pakovanje:<\/strong> 249 g<\/p>\n<p data-start=\"1112\" data-end=\"1217\">Mutant CreaKONG je <strong data-start=\"1131\" data-end=\"1161\">premium kreatinska formula<\/strong> za one koji \u017eele maksimalne rezultate bez kompromisa.<\/p>\n","protected":false},"excerpt":{"rendered":"<p>Mutant CreaKONG CX8 je jedinstvena mje\u0161avina <strong data-start=\"178\" data-end=\"229\">tri naj\u010di\u0161\u0107a i nau\u010dno potvr\u0111ena oblika kreatina<\/strong>: kreatin monohidrat, kreatin malat i kreatin magnezijev kelat.<\/p>\n","protected":false},"featured_media":5749,"template":"","meta":{"_acf_changed":false},"product_brand":[58],"product_cat":[68,42],"product_tag":[],"class_list":{"0":"post-5747","1":"product","2":"type-product","3":"status-publish","4":"has-post-thumbnail","6":"product_brand-mutant","7":"product_cat-creatini","8":"product_cat-suplementi","10":"first","11":"instock","12":"taxable","13":"shipping-taxable","14":"purchasable","15":"product-type-simple"},"acf":[],"_links":{"self":[{"href":"https:\/\/generateweb.net\/xfit\/wp-json\/wp\/v2\/product\/5747","targetHints":{"allow":["GET"]}}],"collection":[{"href":"https:\/\/generateweb.net\/xfit\/wp-json\/wp\/v2\/product"}],"about":[{"href":"https:\/\/generateweb.net\/xfit\/wp-json\/wp\/v2\/types\/product"}],"version-history":[{"count":0,"href":"https:\/\/generateweb.net\/xfit\/wp-json\/wp\/v2\/product\/5747\/revisions"}],"wp:featuredmedia":[{"embeddable":true,"href":"https:\/\/generateweb.net\/xfit\/wp-json\/wp\/v2\/media\/5749"}],"wp:attachment":[{"href":"https:\/\/generateweb.net\/xfit\/wp-json\/wp\/v2\/media?parent=5747"}],"wp:term":[{"taxonomy":"product_brand","embeddable":true,"href":"https:\/\/generateweb.net\/xfit\/wp-json\/wp\/v2\/product_brand?post=5747"},{"taxonomy":"product_cat","embeddable":true,"href":"https:\/\/generateweb.net\/xfit\/wp-json\/wp\/v2\/product_cat?post=5747"},{"taxonomy":"product_tag","embeddable":true,"href":"https:\/\/generateweb.net\/xfit\/wp-json\/wp\/v2\/product_tag?post=5747"}],"curies":[{"name":"wp","href":"https:\/\/api.w.org\/{rel}","templated":true}]}}