{"id":5650,"date":"2025-09-13T09:32:56","date_gmt":"2025-09-13T09:32:56","guid":{"rendered":"https:\/\/tst.ba\/?post_type=product&#038;p=5650"},"modified":"2026-01-14T12:49:30","modified_gmt":"2026-01-14T12:49:30","slug":"basic-supplements-l-arginin-pro-400g","status":"publish","type":"product","link":"https:\/\/generateweb.net\/xfit\/proizvod\/basic-supplements-l-arginin-pro-400g\/","title":{"rendered":"Basic Supplements &#8211; L-Arginine PRO (400g)"},"content":{"rendered":"<p data-start=\"116\" data-end=\"382\">L-arginin je klju\u010dna aminokiselina koja podr\u017eava pravilno funkcionisanje organizma. Tijelo je koristi za izgradnju proteina i proizvodnju azotnog oksida (NO) \u2013 molekule koja \u0161iri krvne sudove, pobolj\u0161ava cirkulaciju i pove\u0107ava dotok nutrijenata i kisika do mi\u0161i\u0107a.<\/p>\n<p data-start=\"384\" data-end=\"515\">Zahvaljuju\u0107i tome, L-arginin ima dvostruki u\u010dinak: podr\u0161ka rastu mi\u0161i\u0107a i regeneraciji te pobolj\u0161anje kardiovaskularnog zdravlja.<\/p>\n<p data-start=\"517\" data-end=\"540\"><strong>Glavne prednosti<\/strong>:<\/p>\n<ul data-start=\"541\" data-end=\"929\">\n<li data-start=\"541\" data-end=\"583\">\n<p data-start=\"543\" data-end=\"583\">Podr\u017eava zdravlje srca i krvnih sudova<\/p>\n<\/li>\n<li data-start=\"584\" data-end=\"636\">\n<p data-start=\"586\" data-end=\"636\">Poma\u017ee u izgradnji mi\u0161i\u0107ne mase i br\u017eem oporavku<\/p>\n<\/li>\n<li data-start=\"637\" data-end=\"675\">\n<p data-start=\"639\" data-end=\"675\">Mo\u017ee smanjiti visok krvni pritisak<\/p>\n<\/li>\n<li data-start=\"676\" data-end=\"726\">\n<p data-start=\"678\" data-end=\"726\">Pobolj\u0161ava mu\u0161ku plodnost i seksualnu funkciju<\/p>\n<\/li>\n<li data-start=\"727\" data-end=\"775\">\n<p data-start=\"729\" data-end=\"775\">Podr\u017eava zarastanje rana i obnavljanje tkiva<\/p>\n<\/li>\n<li data-start=\"776\" data-end=\"856\">\n<p data-start=\"778\" data-end=\"856\">Mo\u017ee pomo\u0107i u regulaciji \u0161e\u0107era u krvi i smanjiti rizik od dijabetesa tipa 2<\/p>\n<\/li>\n<li data-start=\"857\" data-end=\"929\">\n<p data-start=\"859\" data-end=\"929\">Potencijalno pobolj\u0161ava atletske performanse \u2013 i aerobne i anaerobne<\/p>\n<\/li>\n<\/ul>\n<p data-start=\"931\" data-end=\"959\"><strong>Za koga je namijenjen?<\/strong><\/p>\n<p data-start=\"960\" data-end=\"1171\">L-Arginine PRO je idealan za sportiste, aktivne osobe i sve koji \u017eele pobolj\u0161ati cirkulaciju i performanse, ubrzati mi\u0161i\u0107ni oporavak, podr\u017eati zdravlje srca i metabolizam ili pobolj\u0161ati reproduktivno zdravlje.<\/p>\n<p data-start=\"1173\" data-end=\"1320\">Basic Supplements L-Arginine PRO donosi sna\u017enu formulu u prahu, pogodnu za svakodnevnu upotrebu uz trening ili kao dio op\u0161te zdravstvene podr\u0161ke.<\/p>\n","protected":false},"excerpt":{"rendered":"<p>L-Arginine PRO je idealan za sportiste, aktivne osobe i sve koji \u017eele pobolj\u0161ati cirkulaciju i performanse, ubrzati mi\u0161i\u0107ni oporavak, podr\u017eati zdravlje srca i metabolizam ili pobolj\u0161ati reproduktivno zdravlje.<\/p>\n","protected":false},"featured_media":5652,"template":"","meta":{"_acf_changed":false},"product_brand":[99],"product_cat":[49,78,42,79],"product_tag":[],"class_list":{"0":"post-5650","1":"product","2":"type-product","3":"status-publish","4":"has-post-thumbnail","6":"product_brand-basic-supplements","7":"product_cat-amino","8":"product_cat-nootropics-happiness-health-sexuality","9":"product_cat-suplementi","10":"product_cat-podrska-zdravlju-oporavak","12":"first","13":"instock","14":"taxable","15":"shipping-taxable","16":"purchasable","17":"product-type-simple"},"acf":[],"_links":{"self":[{"href":"https:\/\/generateweb.net\/xfit\/wp-json\/wp\/v2\/product\/5650","targetHints":{"allow":["GET"]}}],"collection":[{"href":"https:\/\/generateweb.net\/xfit\/wp-json\/wp\/v2\/product"}],"about":[{"href":"https:\/\/generateweb.net\/xfit\/wp-json\/wp\/v2\/types\/product"}],"version-history":[{"count":0,"href":"https:\/\/generateweb.net\/xfit\/wp-json\/wp\/v2\/product\/5650\/revisions"}],"wp:featuredmedia":[{"embeddable":true,"href":"https:\/\/generateweb.net\/xfit\/wp-json\/wp\/v2\/media\/5652"}],"wp:attachment":[{"href":"https:\/\/generateweb.net\/xfit\/wp-json\/wp\/v2\/media?parent=5650"}],"wp:term":[{"taxonomy":"product_brand","embeddable":true,"href":"https:\/\/generateweb.net\/xfit\/wp-json\/wp\/v2\/product_brand?post=5650"},{"taxonomy":"product_cat","embeddable":true,"href":"https:\/\/generateweb.net\/xfit\/wp-json\/wp\/v2\/product_cat?post=5650"},{"taxonomy":"product_tag","embeddable":true,"href":"https:\/\/generateweb.net\/xfit\/wp-json\/wp\/v2\/product_tag?post=5650"}],"curies":[{"name":"wp","href":"https:\/\/api.w.org\/{rel}","templated":true}]}}