{"id":5634,"date":"2025-09-13T09:12:56","date_gmt":"2025-09-13T09:12:56","guid":{"rendered":"https:\/\/tst.ba\/?post_type=product&#038;p=5634"},"modified":"2026-02-06T13:59:27","modified_gmt":"2026-02-06T13:59:27","slug":"optimum-whey-gold-standard-protein-23kg","status":"publish","type":"product","link":"https:\/\/generateweb.net\/xfit\/proizvod\/optimum-whey-gold-standard-protein-23kg\/","title":{"rendered":"ON &#8211; Whey Gold Standard 100% (2,3kg)"},"content":{"rendered":"<p data-start=\"127\" data-end=\"348\"><strong data-start=\"127\" data-end=\"172\">Optimum Nutrition Gold Standard 100% Whey<\/strong> je najprodavaniji i najnagra\u0111ivaniji whey protein na svijetu, razvijen kako bi pomogao sporta\u0161ima i rekreativcima da postignu maksimalne rezultate u rastu, snazi i oporavku.<\/p>\n<p data-start=\"350\" data-end=\"497\">Glavni sastojak je <strong data-start=\"369\" data-end=\"396\">izolat proteina sirutke<\/strong>, koji pru\u017ea visok udio proteina uz minimalan sadr\u017eaj masti i ugljikohidrata. Svaka porcija sadr\u017ei:<\/p>\n<ul data-start=\"498\" data-end=\"729\">\n<li data-start=\"498\" data-end=\"565\">\n<p data-start=\"500\" data-end=\"565\"><strong data-start=\"500\" data-end=\"535\">24 g visokokvalitetnog proteina<\/strong> \u2013 za rast i oporavak mi\u0161i\u0107a<\/p>\n<\/li>\n<li data-start=\"566\" data-end=\"639\">\n<p data-start=\"568\" data-end=\"639\"><strong data-start=\"568\" data-end=\"601\">5,5 g prirodno prisutnih BCAA<\/strong> \u2013 za regeneraciju i smanjenje umora<\/p>\n<\/li>\n<li data-start=\"640\" data-end=\"729\">\n<p data-start=\"642\" data-end=\"729\"><strong data-start=\"642\" data-end=\"668\">11 g EAA aminokiselina<\/strong> \u2013 esencijalnih za sintezu proteina i o\u010duvanje mi\u0161i\u0107ne mase<\/p>\n<\/li>\n<\/ul>\n<p data-start=\"731\" data-end=\"949\">Zahvaljuju\u0107i naprednom procesu filtracije, ovaj protein osigurava vrhunsku probavljivost i apsorpciju, bez nepotrebnih dodataka. Uz \u0161irok izbor nagra\u0111ivanih okusa, u\u017eivanje u proteinskom shake-u postaje pravi u\u017eitak.<\/p>\n<p data-start=\"951\" data-end=\"998\"><strong data-start=\"951\" data-end=\"996\">Prednosti ON Gold Standard Whey proteina:<\/strong><\/p>\n<ul data-start=\"999\" data-end=\"1235\">\n<li data-start=\"999\" data-end=\"1041\">\n<p data-start=\"1001\" data-end=\"1041\">Najprodavaniji whey protein na svijetu<\/p>\n<\/li>\n<li data-start=\"1042\" data-end=\"1095\">\n<p data-start=\"1044\" data-end=\"1095\">24 g proteina po porciji uz visok udio BCAA i EAA<\/p>\n<\/li>\n<li data-start=\"1096\" data-end=\"1136\">\n<p data-start=\"1098\" data-end=\"1136\">Brza apsorpcija i izvrsna topljivost<\/p>\n<\/li>\n<li data-start=\"1137\" data-end=\"1178\">\n<p data-start=\"1139\" data-end=\"1178\">Minimalan udio masti i ugljikohidrata<\/p>\n<\/li>\n<li data-start=\"1179\" data-end=\"1235\">\n<p data-start=\"1181\" data-end=\"1235\">Broj 1 izbor sporta\u0161a i rekreativaca od 2005. godine<\/p>\n<\/li>\n<\/ul>\n<p data-start=\"1237\" data-end=\"1420\">Od profesionalnih sporta\u0161a do fitness entuzijasta, <strong data-start=\"1288\" data-end=\"1310\">Gold Standard Whey<\/strong> ostaje pouzdan izbor za sve koji \u017eele pobolj\u0161ati prehranu, ubrzati oporavak i izgraditi \u010distu mi\u0161i\u0107nu masu.<\/p>\n","protected":false},"excerpt":{"rendered":"<p><strong data-start=\"127\" data-end=\"172\">Optimum Nutrition Gold Standard 100% Whey<\/strong> je najprodavaniji i najnagra\u0111ivaniji whey protein na svijetu, razvijen kako bi pomogao sporta\u0161ima i rekreativcima da postignu maksimalne rezultate u rastu, snazi i oporavku.<\/p>\n","protected":false},"featured_media":5636,"template":"","meta":{"_acf_changed":false},"product_brand":[60],"product_cat":[53,42],"product_tag":[],"class_list":{"0":"post-5634","1":"product","2":"type-product","3":"status-publish","4":"has-post-thumbnail","6":"product_brand-optimum-nutrition","7":"product_cat-proteini","8":"product_cat-suplementi","10":"first","11":"instock","12":"sale","13":"taxable","14":"shipping-taxable","15":"purchasable","16":"product-type-variable"},"acf":[],"_links":{"self":[{"href":"https:\/\/generateweb.net\/xfit\/wp-json\/wp\/v2\/product\/5634","targetHints":{"allow":["GET"]}}],"collection":[{"href":"https:\/\/generateweb.net\/xfit\/wp-json\/wp\/v2\/product"}],"about":[{"href":"https:\/\/generateweb.net\/xfit\/wp-json\/wp\/v2\/types\/product"}],"version-history":[{"count":0,"href":"https:\/\/generateweb.net\/xfit\/wp-json\/wp\/v2\/product\/5634\/revisions"}],"wp:featuredmedia":[{"embeddable":true,"href":"https:\/\/generateweb.net\/xfit\/wp-json\/wp\/v2\/media\/5636"}],"wp:attachment":[{"href":"https:\/\/generateweb.net\/xfit\/wp-json\/wp\/v2\/media?parent=5634"}],"wp:term":[{"taxonomy":"product_brand","embeddable":true,"href":"https:\/\/generateweb.net\/xfit\/wp-json\/wp\/v2\/product_brand?post=5634"},{"taxonomy":"product_cat","embeddable":true,"href":"https:\/\/generateweb.net\/xfit\/wp-json\/wp\/v2\/product_cat?post=5634"},{"taxonomy":"product_tag","embeddable":true,"href":"https:\/\/generateweb.net\/xfit\/wp-json\/wp\/v2\/product_tag?post=5634"}],"curies":[{"name":"wp","href":"https:\/\/api.w.org\/{rel}","templated":true}]}}