{"id":5631,"date":"2025-09-13T09:10:46","date_gmt":"2025-09-13T09:10:46","guid":{"rendered":"https:\/\/tst.ba\/?post_type=product&#038;p=5631"},"modified":"2026-02-18T17:58:37","modified_gmt":"2026-02-18T17:58:37","slug":"muscletech-nitro-tech-whey-gold-100-2-3kg","status":"publish","type":"product","link":"https:\/\/generateweb.net\/xfit\/proizvod\/muscletech-nitro-tech-whey-gold-100-2-3kg\/","title":{"rendered":"Muscletech &#8211; Nitro Tech Whey Gold 100% (2,3kg)"},"content":{"rendered":"<p data-start=\"122\" data-end=\"463\"><strong data-start=\"122\" data-end=\"146\">Nitro-Tech Whey Gold<\/strong> donosi vi\u0161e od 20 godina naslije\u0111a vrhunskih proteinskih formula, sada u jo\u0161 naprednijem obliku. Ova premium mje\u0161avina <strong data-start=\"266\" data-end=\"302\">mikrofiltriranog izolata sirutke<\/strong> i <strong data-start=\"305\" data-end=\"324\">peptida sirutke<\/strong> osigurava ultra \u010distu, brzo apsorbiraju\u0107u i probavljivu formulu proteina koja pru\u017ea maksimalnu podr\u0161ku u rastu mi\u0161i\u0107a, snazi i oporavku.<\/p>\n<p data-start=\"465\" data-end=\"795\">Svaka mjerica sadr\u017ei <strong data-start=\"486\" data-end=\"503\">24 g proteina<\/strong>, uklju\u010duju\u0107i <strong data-start=\"517\" data-end=\"531\">5,5 g BCAA<\/strong> i <strong data-start=\"534\" data-end=\"564\">4 g glutamina i prekursora<\/strong>, koji dokazano poti\u010du sintezu proteina, ubrzavaju oporavak i doprinose boljoj izvedbi. Kori\u0161tenjem <strong data-start=\"664\" data-end=\"690\">hladne mikrofiltracije<\/strong> uklonjeni su vi\u0161ak masti, ugljikohidrata i laktoze, a sa\u010duvana je visoka biolo\u0161ka vrijednost proteina.<\/p>\n<p data-start=\"797\" data-end=\"842\"><strong data-start=\"797\" data-end=\"840\">Klju\u010dne prednosti Nitro-Tech Whey Gold:<\/strong><\/p>\n<ul data-start=\"843\" data-end=\"1282\">\n<li data-start=\"843\" data-end=\"897\">\n<p data-start=\"845\" data-end=\"897\">24 g proteina po porciji za izgradnju mi\u0161i\u0107ne mase<\/p>\n<\/li>\n<li data-start=\"898\" data-end=\"961\">\n<p data-start=\"900\" data-end=\"961\">5,5 g BCAA i 4 g glutamina za bolji oporavak i izdr\u017eljivost<\/p>\n<\/li>\n<li data-start=\"962\" data-end=\"1035\">\n<p data-start=\"964\" data-end=\"1035\">Brzo apsorbiraju\u0107i hidrolizirani proteini za superiornu iskoristivost<\/p>\n<\/li>\n<li data-start=\"1036\" data-end=\"1107\">\n<p data-start=\"1038\" data-end=\"1107\">Premium izolat i koncentrat sirutke \u2013 potpun aminokiselinski profil<\/p>\n<\/li>\n<li data-start=\"1108\" data-end=\"1174\">\n<p data-start=\"1110\" data-end=\"1174\">Najnapredniji proces hladne mikrofiltracije za \u010distu kvalitetu<\/p>\n<\/li>\n<li data-start=\"1175\" data-end=\"1230\">\n<p data-start=\"1177\" data-end=\"1230\">Bez nepotrebnih \u0161e\u0107era, masti i skrivenih sastojaka<\/p>\n<\/li>\n<li data-start=\"1231\" data-end=\"1282\">\n<p data-start=\"1233\" data-end=\"1282\">Nagra\u0111ivani okusi koji \u010dine svaki shake u\u017eitkom<\/p>\n<\/li>\n<\/ul>\n<p data-start=\"1284\" data-end=\"1541\">Za razliku od mnogih formula na tr\u017ei\u0161tu, <strong data-start=\"1325\" data-end=\"1339\">Muscletech<\/strong> ne koristi toplinu ni jake hemikalije u procesu proizvodnje. Samo vi\u0161efazna, hladna filtracija garantira \u010disto\u0107u i kvalitetu \u2013 testiranu od strane tre\u0107ih strana i potvr\u0111enu u svakoj seriji proizvoda.<\/p>\n<p data-start=\"1543\" data-end=\"1668\"><strong data-start=\"1543\" data-end=\"1567\">Nitro-Tech Whey Gold<\/strong> \u2013 premium protein bez kompromisa, za ozbiljne sporta\u0161e i rekreativce koji \u017eele najbolje rezultate.<\/p>\n","protected":false},"excerpt":{"rendered":"<p><strong data-start=\"122\" data-end=\"146\">Nitro-Tech Whey Gold<\/strong> donosi vi\u0161e od 20 godina naslije\u0111a vrhunskih proteinskih formula, sada u jo\u0161 naprednijem obliku.<\/p>\n","protected":false},"featured_media":5633,"template":"","meta":{"_acf_changed":false},"product_brand":[47],"product_cat":[53,42],"product_tag":[],"class_list":{"0":"post-5631","1":"product","2":"type-product","3":"status-publish","4":"has-post-thumbnail","6":"product_brand-muscletech","7":"product_cat-proteini","8":"product_cat-suplementi","10":"first","11":"outofstock","12":"taxable","13":"shipping-taxable","14":"purchasable","15":"product-type-simple"},"acf":[],"_links":{"self":[{"href":"https:\/\/generateweb.net\/xfit\/wp-json\/wp\/v2\/product\/5631","targetHints":{"allow":["GET"]}}],"collection":[{"href":"https:\/\/generateweb.net\/xfit\/wp-json\/wp\/v2\/product"}],"about":[{"href":"https:\/\/generateweb.net\/xfit\/wp-json\/wp\/v2\/types\/product"}],"version-history":[{"count":0,"href":"https:\/\/generateweb.net\/xfit\/wp-json\/wp\/v2\/product\/5631\/revisions"}],"wp:featuredmedia":[{"embeddable":true,"href":"https:\/\/generateweb.net\/xfit\/wp-json\/wp\/v2\/media\/5633"}],"wp:attachment":[{"href":"https:\/\/generateweb.net\/xfit\/wp-json\/wp\/v2\/media?parent=5631"}],"wp:term":[{"taxonomy":"product_brand","embeddable":true,"href":"https:\/\/generateweb.net\/xfit\/wp-json\/wp\/v2\/product_brand?post=5631"},{"taxonomy":"product_cat","embeddable":true,"href":"https:\/\/generateweb.net\/xfit\/wp-json\/wp\/v2\/product_cat?post=5631"},{"taxonomy":"product_tag","embeddable":true,"href":"https:\/\/generateweb.net\/xfit\/wp-json\/wp\/v2\/product_tag?post=5631"}],"curies":[{"name":"wp","href":"https:\/\/api.w.org\/{rel}","templated":true}]}}