{"id":5600,"date":"2025-09-13T08:43:22","date_gmt":"2025-09-13T08:43:22","guid":{"rendered":"https:\/\/tst.ba\/?post_type=product&#038;p=5600"},"modified":"2025-10-08T20:03:55","modified_gmt":"2025-10-08T20:03:55","slug":"muscletech-nitro-tech-performance-908g","status":"publish","type":"product","link":"https:\/\/generateweb.net\/xfit\/proizvod\/muscletech-nitro-tech-performance-908g\/","title":{"rendered":"Muscletech &#8211; Nitro Tech Performance (908g)"},"content":{"rendered":"<p data-start=\"97\" data-end=\"442\"><strong data-start=\"97\" data-end=\"123\">Nitro-Tech Performance<\/strong> je vrhunski protein sirutke osmi\u0161ljen za br\u017eu izgradnju \u010diste mi\u0161i\u0107ne mase i bolju regeneraciju nakon intenzivnog treninga. Svaka porcija sadr\u017ei \u010dak <strong data-start=\"273\" data-end=\"290\">30 g proteina<\/strong> dobivenih kombinacijom izolata, ultra-filtriranog koncentrata i hidroliziranog izolata sirutke, \u0161to osigurava brzu apsorpciju i visoku iskoristivost.<\/p>\n<p data-start=\"444\" data-end=\"699\">Kori\u0161tenjem <strong data-start=\"456\" data-end=\"496\">multi-phase filtracijske tehnologije<\/strong>, proizvod je dodatno pro\u010di\u0161\u0107en kako bi se smanjio udio masti, laktoze i ne\u010disto\u0107a, \u010dine\u0107i ga lak\u0161im za probavu i pogodnim \u010dak i za osobe na niskokalori\u010dnim ili niskougljikohidratnim re\u017eimima prehrane.<\/p>\n<p data-start=\"701\" data-end=\"881\">Uz proteine, svaka porcija sadr\u017ei i <strong data-start=\"737\" data-end=\"764\">3 g kreatin monohidrata<\/strong>, koji doprinosi pove\u0107anju snage, eksplozivnosti i izdr\u017eljivosti, naro\u010dito kod kratkih, visokointenzivnih treninga.<\/p>\n<p data-start=\"883\" data-end=\"931\"><strong data-start=\"883\" data-end=\"929\">Prednosti Nitro-Tech Performance proteina:<\/strong><\/p>\n<ul data-start=\"932\" data-end=\"1201\">\n<li data-start=\"932\" data-end=\"978\">\n<p data-start=\"934\" data-end=\"978\">30 g visokokvalitetnih proteina po porciji<\/p>\n<\/li>\n<li data-start=\"979\" data-end=\"1035\">\n<p data-start=\"981\" data-end=\"1035\">3 g kreatin monohidrata za ve\u0107u snagu i izdr\u017eljivost<\/p>\n<\/li>\n<li data-start=\"1036\" data-end=\"1092\">\n<p data-start=\"1038\" data-end=\"1092\">Multi-phase filtracija za smanjenu masno\u0107u i laktozu<\/p>\n<\/li>\n<li data-start=\"1093\" data-end=\"1138\">\n<p data-start=\"1095\" data-end=\"1138\">Podr\u017eava rast i regeneraciju mi\u0161i\u0107ne mase<\/p>\n<\/li>\n<li data-start=\"1139\" data-end=\"1201\">\n<p data-start=\"1141\" data-end=\"1201\">Pogodan i za niskokalori\u010dne i low-carb prehrambene planove<\/p>\n<\/li>\n<\/ul>\n<p data-start=\"1203\" data-end=\"1326\"><strong data-start=\"1203\" data-end=\"1229\">Nitro-Tech Performance<\/strong> \u2013 idealan izbor za sporta\u0161e koji \u017eele maksimalne rezultate u snazi, mi\u0161i\u0107nom rastu i oporavku.<\/p>\n","protected":false},"excerpt":{"rendered":"<p><strong data-start=\"97\" data-end=\"123\">Nitro-Tech Performance<\/strong> je vrhunski protein sirutke osmi\u0161ljen za br\u017eu izgradnju \u010diste mi\u0161i\u0107ne mase i bolju regeneraciju nakon intenzivnog treninga.<\/p>\n","protected":false},"featured_media":5602,"template":"","meta":{"_acf_changed":false},"product_brand":[47],"product_cat":[53,42],"product_tag":[],"class_list":{"0":"post-5600","1":"product","2":"type-product","3":"status-publish","4":"has-post-thumbnail","6":"product_brand-muscletech","7":"product_cat-proteini","8":"product_cat-suplementi","10":"first","11":"instock","12":"sale","13":"taxable","14":"shipping-taxable","15":"purchasable","16":"product-type-variable"},"acf":[],"_links":{"self":[{"href":"https:\/\/generateweb.net\/xfit\/wp-json\/wp\/v2\/product\/5600","targetHints":{"allow":["GET"]}}],"collection":[{"href":"https:\/\/generateweb.net\/xfit\/wp-json\/wp\/v2\/product"}],"about":[{"href":"https:\/\/generateweb.net\/xfit\/wp-json\/wp\/v2\/types\/product"}],"version-history":[{"count":0,"href":"https:\/\/generateweb.net\/xfit\/wp-json\/wp\/v2\/product\/5600\/revisions"}],"wp:featuredmedia":[{"embeddable":true,"href":"https:\/\/generateweb.net\/xfit\/wp-json\/wp\/v2\/media\/5602"}],"wp:attachment":[{"href":"https:\/\/generateweb.net\/xfit\/wp-json\/wp\/v2\/media?parent=5600"}],"wp:term":[{"taxonomy":"product_brand","embeddable":true,"href":"https:\/\/generateweb.net\/xfit\/wp-json\/wp\/v2\/product_brand?post=5600"},{"taxonomy":"product_cat","embeddable":true,"href":"https:\/\/generateweb.net\/xfit\/wp-json\/wp\/v2\/product_cat?post=5600"},{"taxonomy":"product_tag","embeddable":true,"href":"https:\/\/generateweb.net\/xfit\/wp-json\/wp\/v2\/product_tag?post=5600"}],"curies":[{"name":"wp","href":"https:\/\/api.w.org\/{rel}","templated":true}]}}