{"id":5555,"date":"2025-09-13T08:04:47","date_gmt":"2025-09-13T08:04:47","guid":{"rendered":"https:\/\/tst.ba\/?post_type=product&#038;p=5555"},"modified":"2026-04-10T16:50:33","modified_gmt":"2026-04-10T16:50:33","slug":"swanson-st-johns-wort","status":"publish","type":"product","link":"https:\/\/generateweb.net\/xfit\/swanson-st-johns-wort\/","title":{"rendered":"Swanson &#8211; Full Spectrum St. John&#8217;s Wort"},"content":{"rendered":"<p data-start=\"100\" data-end=\"371\"><strong data-start=\"100\" data-end=\"127\">Swanson St. John\u2019s Wort<\/strong> jedan je od najpoznatijih biljnih dodataka na svijetu, cijenjen zbog svoje jedinstvene podr\u0161ke emocionalnom blagostanju i ravnote\u017ei raspolo\u017eenja. Ova biljka stolje\u0107ima se koristi za pobolj\u0161anje mentalnog zdravlja i osje\u0107aja unutra\u0161njeg mira.<\/p>\n<p data-start=\"373\" data-end=\"641\">Redovita upotreba mo\u017ee pomo\u0107i u <strong data-start=\"405\" data-end=\"432\">regulaciji raspolo\u017eenja<\/strong>, smanjenju osje\u0107aja napetosti i podr\u017eavanju emocionalne stabilnosti. Aktivni sastojci iz kantariona djeluju prirodno, poma\u017eu\u0107i tijelu da odr\u017ei <strong data-start=\"576\" data-end=\"638\">osje\u0107aj smirenosti, opu\u0161tenosti i zdrav emocionalni balans<\/strong>.<\/p>\n<p data-start=\"643\" data-end=\"683\"><strong data-start=\"643\" data-end=\"681\">Prednosti Swanson St. John\u2019s Wort:<\/strong><\/p>\n<ul data-start=\"684\" data-end=\"899\">\n<li data-start=\"684\" data-end=\"745\">\n<p data-start=\"686\" data-end=\"745\">Podr\u017eava regulaciju raspolo\u017eenja i emocionalnu stabilnost<\/p>\n<\/li>\n<li data-start=\"746\" data-end=\"794\">\n<p data-start=\"748\" data-end=\"794\">Poma\u017ee u o\u010duvanju osje\u0107aja smirenosti i mira<\/p>\n<\/li>\n<li data-start=\"795\" data-end=\"859\">\n<p data-start=\"797\" data-end=\"859\">Promi\u010de dobrobit raspolo\u017eenja i pozitivno emocionalno stanje<\/p>\n<\/li>\n<li data-start=\"860\" data-end=\"899\">\n<p data-start=\"862\" data-end=\"899\">Prirodna podr\u0161ka mentalnom zdravlju<\/p>\n<\/li>\n<\/ul>\n<p data-start=\"901\" data-end=\"1008\">Razveselite svoj duh i unesite vi\u0161e vedrine u svakodnevnicu uz <strong data-start=\"964\" data-end=\"1005\">Swanson Full Spectrum St. John\u2019s Wort<\/strong>.<\/p>\n","protected":false},"excerpt":{"rendered":"<p><strong data-start=\"100\" data-end=\"127\">Swanson St. John\u2019s Wort<\/strong> jedan je od najpoznatijih biljnih dodataka na svijetu, cijenjen zbog svoje jedinstvene podr\u0161ke emocionalnom blagostanju i ravnote\u017ei raspolo\u017eenja.<\/p>\n","protected":false},"featured_media":5557,"template":"","meta":{"_acf_changed":false},"product_brand":[98],"product_cat":[57,78,42,79],"product_tag":[],"class_list":{"0":"post-5555","1":"product","2":"type-product","3":"status-publish","4":"has-post-thumbnail","6":"product_brand-swanson","7":"product_cat-adaptogene-biljke-anti-stres-and-fokus","8":"product_cat-nootropics-happiness-health-sexuality","9":"product_cat-suplementi","10":"product_cat-podrska-zdravlju-oporavak","12":"first","13":"instock","14":"taxable","15":"shipping-taxable","16":"purchasable","17":"product-type-simple"},"acf":[],"_links":{"self":[{"href":"https:\/\/generateweb.net\/xfit\/wp-json\/wp\/v2\/product\/5555","targetHints":{"allow":["GET"]}}],"collection":[{"href":"https:\/\/generateweb.net\/xfit\/wp-json\/wp\/v2\/product"}],"about":[{"href":"https:\/\/generateweb.net\/xfit\/wp-json\/wp\/v2\/types\/product"}],"version-history":[{"count":0,"href":"https:\/\/generateweb.net\/xfit\/wp-json\/wp\/v2\/product\/5555\/revisions"}],"wp:featuredmedia":[{"embeddable":true,"href":"https:\/\/generateweb.net\/xfit\/wp-json\/wp\/v2\/media\/5557"}],"wp:attachment":[{"href":"https:\/\/generateweb.net\/xfit\/wp-json\/wp\/v2\/media?parent=5555"}],"wp:term":[{"taxonomy":"product_brand","embeddable":true,"href":"https:\/\/generateweb.net\/xfit\/wp-json\/wp\/v2\/product_brand?post=5555"},{"taxonomy":"product_cat","embeddable":true,"href":"https:\/\/generateweb.net\/xfit\/wp-json\/wp\/v2\/product_cat?post=5555"},{"taxonomy":"product_tag","embeddable":true,"href":"https:\/\/generateweb.net\/xfit\/wp-json\/wp\/v2\/product_tag?post=5555"}],"curies":[{"name":"wp","href":"https:\/\/api.w.org\/{rel}","templated":true}]}}